{"id":314,"date":"2018-06-06T10:46:16","date_gmt":"2018-06-06T10:46:16","guid":{"rendered":"http:\/\/stowarzyszenie-rozwienica.pl\/?page_id=314"},"modified":"2018-06-06T10:48:56","modified_gmt":"2018-06-06T10:48:56","slug":"stowarzyszenie","status":"publish","type":"page","link":"https:\/\/stowarzyszenie-rozwienica.pl\/?page_id=314","title":{"rendered":"Stowarzyszenie"},"content":{"rendered":"<p>[et_pb_section bb_built=&#8221;1&#8243;][et_pb_row][et_pb_column type=&#8221;4_4&#8243;][et_pb_text _builder_version=&#8221;3.5.1&#8243;]<\/p>\n<p style=\"text-align: justify;\"><span style=\"font-size: 12pt; color: #000000;\">W zwi\u0105zku z wej\u015bciem w \u017cycie z dniem 25 maja 2018 r., Rozporz\u0105dzenia Parlamentu Europejskiego i Rady (UE) 2016\/679 z dnia 27 kwietnia 2016 r., w sprawie ochrony os\u00f3b fizycznych w zwi\u0105zku z przetwarzaniem danych osobowych i w sprawie swobodnego przep\u0142ywu takich danych oraz uchylenia dyrektywy 95\/46\/WE &#8222;RODO&#8221;, w Stowarzyszeniu Na Rzecz Edukacji i Kultury Gminy Ro\u017awienica zosta\u0142 powo\u0142any Inspektor Ochrony Danych Osobowych, z kt\u00f3rym mo\u017cna kontaktowa\u0107 si\u0119:<\/span><br \/><span style=\"font-size: 12pt; color: #000000;\">-listownie, na adres: Stowarzyszenie Na Rzecz Edukacji i Kultury Gminy Ro\u017awienica, Ro\u017awienica 200, 37-565 Ro\u017awienica<\/span><br \/><span style=\"font-size: 12pt; color: #000000;\">-za po\u015brednictwem poczty e-mail, na adres: <a style=\"color: #000000;\" href=\"mailto:inspektorochronydanych@stowarzyszenie-rozwienica.pl\" target=\"_blank\" rel=\"noopener\">inspektorochronydanych@<wbr \/>stowarzyszenie-rozwienica.pl<\/a><wbr \/><\/span><\/p>\n<p>[\/et_pb_text][\/et_pb_column][\/et_pb_row][\/et_pb_section]<\/p>\n","protected":false},"excerpt":{"rendered":"<p><div class=\"et_pb_row et_pb_row_0 et_pb_row_empty\">\n\t\t\t\t\n\t\t\t\t\n\t\t\t\t\n\t\t\t\t\n\t\t\t\t\n\t\t\t<\/div> W zwi\u0105zku z wej\u015bciem w \u017cycie z dniem 25 maja 2018 r., Rozporz\u0105dzenia Parlamentu Europejskiego i Rady (UE) 2016\/679 z dnia 27 kwietnia 2016 r., w sprawie ochrony os\u00f3b fizycznych w zwi\u0105zku z przetwarzaniem danych osobowych i w sprawie swobodnego przep\u0142ywu takich danych oraz uchylenia dyrektywy 95\/46\/WE &#8222;RODO&#8221;, w Stowarzyszeniu Na Rzecz Edukacji i [&hellip;]<\/p>\n","protected":false},"author":1,"featured_media":0,"parent":0,"menu_order":0,"comment_status":"closed","ping_status":"closed","template":"","meta":{"_et_pb_use_builder":"on","_et_pb_old_content":"","_et_gb_content_width":"","footnotes":""},"class_list":["post-314","page","type-page","status-publish","hentry"],"_links":{"self":[{"href":"https:\/\/stowarzyszenie-rozwienica.pl\/index.php?rest_route=\/wp\/v2\/pages\/314","targetHints":{"allow":["GET"]}}],"collection":[{"href":"https:\/\/stowarzyszenie-rozwienica.pl\/index.php?rest_route=\/wp\/v2\/pages"}],"about":[{"href":"https:\/\/stowarzyszenie-rozwienica.pl\/index.php?rest_route=\/wp\/v2\/types\/page"}],"author":[{"embeddable":true,"href":"https:\/\/stowarzyszenie-rozwienica.pl\/index.php?rest_route=\/wp\/v2\/users\/1"}],"replies":[{"embeddable":true,"href":"https:\/\/stowarzyszenie-rozwienica.pl\/index.php?rest_route=%2Fwp%2Fv2%2Fcomments&post=314"}],"version-history":[{"count":2,"href":"https:\/\/stowarzyszenie-rozwienica.pl\/index.php?rest_route=\/wp\/v2\/pages\/314\/revisions"}],"predecessor-version":[{"id":317,"href":"https:\/\/stowarzyszenie-rozwienica.pl\/index.php?rest_route=\/wp\/v2\/pages\/314\/revisions\/317"}],"wp:attachment":[{"href":"https:\/\/stowarzyszenie-rozwienica.pl\/index.php?rest_route=%2Fwp%2Fv2%2Fmedia&parent=314"}],"curies":[{"name":"wp","href":"https:\/\/api.w.org\/{rel}","templated":true}]}}